2
7d819b (base 14) to base 6
231512421
What is 95ada3 (base 14) in base 10?
5062627
What is 2010441242 (base 5) in base 3?
21112012101022
1100111011122 (base 3) to base 15
e2be5
Convert 940377 (base 16) to base 14.
14070c7
4337 (base 13) to base 7
36143
-412606 (base 13) to base 16
-172e2b
What is -5352332 (base 7) in base 6?
-21544155
-a8ceb6 (base 16) to base 12
-385621a
What is 5c094 (base 14) in base 7?
1625244
Convert 11101211010102 (base 3) to base 7.
25610303
-100021111100 (base 3) to base 10
-182610
Convert -225708 (base 9) to base 4.
-201010100
Convert -10021122001 (base 3) to base 15.
-14227
What is -45225325 (base 6) in base 2?
-101001111000011010101
Convert -67727 (base 10) to base 16.
-1088f
-990c (base 15) to base 11
-22396
aa4d1 (base 16) to base 10
697553
648a22 (base 14) to base 13
922836
What is 202106 (base 8) in base 6?
1232250
3043874 (base 11) to base 14
a00037
Convert -7931 (base 16) to base 6.
-355345
-b495e6 (base 15) to base 14
-11d76d7
What is -865502 (base 10) in base 6?
-30314542
What is -1729658 (base 10) in base 13?
-487388
Convert -27c49b (base 16) to base 7.
-31103232
Convert -8c5dc (base 14) to base 4.
-1103112312
What is -5106642 (base 7) in base 9?
-1125216
What is 12211012212002 (base 3) in base 6?
150154215
What is 1266328 (base 9) in base 12?
295438
Convert 1bbb37 (base 12) to base 16.
7979b
-65942 (base 12) to base 5
-13300102
-403533 (base 9) to base 2
-111010010011100010
Convert -5090a (base 15) to base 3.
-110222000101
10210011210201 (base 3) to base 6
111034544
-54ae2 (base 16) to base 9
-577708
-4235444 (base 6) to base 4
-302213110
What is -332712 (base 9) in base 4?
-300203102
-56232221 (base 7) to base 2
-10010100011110011001001
4ca133 (base 14) to base 3
11222010100122
What is 1042200303 (base 5) in base 2?
1000110010010011100011
What is -185b25 (base 14) in base 2?
-11010010001110000101
-22410566 (base 8) to base 13
-100c58c
What is 337137 (base 14) in base 15?
247e9d
What is -8b446 (base 16) in base 7?
-4564041
Convert -b0c2a6 (base 14) to base 7.
-101366366
Convert 985627 (base 10) to base 7.
11243356
1001101101100010011000 (base 2) to base 7
30432130
Convert 2df5b (base 16) to base 10.
188251
-3090647 (base 11) to base 4
-110301320331
Convert -25435660 (base 7) to base 2.
-1000110100011010000101
Convert -2313002210 (base 4) to base 8.
-2670244
What is -13777 (base 16) in base 4?
-103131313
-2121a (base 13) to base 3
-10000212101
3a33a (base 14) to base 10
143328
dc36 (base 15) to base 6
555510
100212202211102 (base 3) to base 2
10100000001111100101111
What is 122211212110120 (base 3) in base 5?
4412002004
Convert -10101221100 (base 3) to base 2.
-10000010111001111
Convert 18029 (base 13) to base 14.
12b80
-13012311 (base 5) to base 9
-211701
8f757b (base 16) to base 9
18618658
What is 45456 (base 14) in base 10?
168244
Convert -74585b (base 13) to base 7.
-32111446
What is -11011001122 (base 3) in base 10?
-81692
-123635 (base 13) to base 6
-13202452
-115412445 (base 6) to base 12
-8b4125
What is -2001221110000 (base 3) in base 11?
-692313
Convert 132444546 (base 7) to base 15.
b3d176
4012504 (base 6) to base 2
101110000001111000
-171763 (base 8) to base 11
-42a14
124004143 (base 5) to base 3
1010222122202
885630 (base 9) to base 13
156a53
What is 61324736 (base 8) in base 4?
301122213132
Convert 11112021032 (base 4) to base 10.
1401422
-44411041 (base 5) to base 4
-1132302233
Convert 375a8 (base 11) to base 15.
10ec8
-21212201002200 (base 3) to base 12
-149aa53
Convert -22123618 (base 9) to base 3.
-202010210200122
-15a47b (base 13) to base 9
-1007365
What is 8544 (base 12) in base 14?
5468
What is -1067124 (base 9) in base 16?
-8ca0d
-112301222 (base 4) to base 2
-10110110001101010
163a (base 15) to base 11
3656
Convert 10244643 (base 8) to base 7.
24354113
1023311131 (base 4) to base 12
12b911
What is 302113203310 (base 4) in base 5?
11340004300
a1b03b (base 14) to base 4
110301303231
507734 (base 11) to base 12
333aa8
-4a72b5 (base 16) to base 12
-1773619
111020020210 (base 3) to base 8
774524
-134632 (base 12) to base 4
-1031312012
What is 244140120 (base 5) in base 8?
4335266
-3789570 (base 10) to base 12
-1329056
What is 671765 (base 10) in base 9?
1233435
What is -5542115 (base 6) in base 3?
-112010002202
Convert 31a5e2 (base 16) to base 8.
14322742
What is 158359 (base 10) in base 2?
100110101010010111
d29ce6 (base 15) to base 11
5714a72
What is -27046 (base 10) in base 5?
-1331141
-1102638 (base 9) to base 10
-592469
What is -17672351 (base 8) in base 9?
-7737584
Convert 38a20a (base 12) to base 5.
214224322
102114451 (base 6) to base 14
345b1d
Convert -102022100221 (base 3) to base 6.
-4434341
Convert -103c11 (base 14) to base 5.
-120022143
Convert 1222010111201 (base 3) to base 9.
1863451
What is cc38 (base 13) in base 7?
145625
What is -145578 (base 10) in base 5?
-14124303
What is -1122576 (base 10) in base 5?
-241410301
-209a84 (base 13) to base 16
-ba8fd
905b21 (base 12) to base 6
120115241
-1111101110011000 (base 2) to base 9
-107314
Convert 13431335 (base 6) to base 12.
19b54b
What is 12021020201202 (base 3) in base 13?
770555
-1102122 (base 9) to base 6
-20404545
Convert -105452 (base 8) to base 11.
-24848
311887 (base 9) to base 5
21411124
250678 (base 9) to base 16
24fa4
c143c (base 16) to base 3
1111012212222
What is -10020100211 (base 4) in base 7?
-12125462
1665004 (base 7) to base 3
102220211111
-57075 (base 8) to base 13
-ac9a
What is fd3a (base 16) in base 12?
31622
Convert -2210030 (base 5) to base 3.
-1221022121
22022103333 (base 4) to base 13
723555
What is 100385 (base 15) in base 11?
47a149
Convert -23d4d (base 15) to base 16.
-1bec5
What is 1388471 (base 9) in base 15?
102531
2270067 (base 8) to base 7
5154233
Convert -2126005 (base 7) to base 9.
-434214
What is 1207645 (base 8) in base 10?
331685
Convert 322200223110 (base 4) to base 12.
5178330
Convert -11021012 (base 4) to base 13.
-9782
-16948a (base 15) to base 13
-2c4268
Convert 1031100114 (base 6) to base 8.
51665516
14770 (base 13) to base 3
1221222111
Convert cb270 (base 15) to base 2.
10011101100000111100
Convert 1196409 (base 10) to base 16.
124179
What is 5000315 (base 6) in base 15?
4924e
-12010202202 (base 3) to base 11
-6a006
What is -2134002 (base 7) in base 5?
-31320212
Convert 37509b (base 13) to base 8.
5033567
456a2 (base 13) to base 12
61173
-111936 (base 12) to base 6
-5502110
12202000122221 (base 3) to base 11
17a4584
6017640 (base 8) to base 2
110000001111110100000
Convert 14745630 (base 8) to base 11.
1a0933a
7742131 (base 8) to base 3
10220202210201
What is -69828 (base 11) in base 7?
-566642
1367542 (base 8) to base 4
1132331202
101231 (base 8) to base 16
8299
Convert 62626254 (base 7) to base 6.
305132443
Convert 90861 (base 11) to base 3.
20202011200
585c5d (base 15) to base 12
14b702a
What is 10211001102 (base 3) in base 4?
102111311
-1302032414 (base 5) to base 10
-3158484
Convert 177b16 (base 15) to base 10.
1139871
12020102002 (base 3) to base 10
103088
Convert 46243216 (base 8) to base 3.
200220100020122
Convert -21313660 (base 8) to base 7.
-53523561
What is 45651 (base 9) in base 4?
13123111
-1045335 (base 6) to base 12
-2684b
-30013344 (base 5) to base 12
-b432a
-6564460 (base 7) to base 9
-1457484
-11442022 (base 5) to base 7
-632551
What is -4620 (base 16) in base 8?
-43040
What is 30330110200 (base 4) in base 3?
20101101001021
Convert 1010000110111011 (base 2) to base 9.
62713
What is 1110000010010011101 (base 2) in base 10?
459933
ae412c (base 15) to base 12
29507a3
2c52b6 (base 13) to base 7
12215432
1000011100100100011 (base 2) to base 16
43923
What is 22242040 (base 5) in base 4?
233332220
-14346 (base 16) to base 6
-1435050
Convert 516247 (base 8) to base 16.
29ca7
Convert 53a572b (base 12) to base 4.
330220033103
What is 3b301 (base 13) in base 9?
177340
What is 105714 (base 9) in base 12?
3074a
1184616 (base 9) to base 4
2131303323
-1542aa2 (base 11) to base 6
-132323140
Convert 11352213 (base 6) to base 14.
940db
Convert 347135 (base 12) to base 10.
841721
Convert 67370 (base 10) to base 12.
32ba2
-101011000010010000000110 (base 2) to base 7
-164614264
What is -18026a (base 14) in base 5?
-204030023
ee68 (base 15) to base 6
1025442
-4066120 (base 7) to base